{"id":8,"date":"2017-12-19T16:10:03","date_gmt":"2017-12-19T15:10:03","guid":{"rendered":"http:\/\/ubuntu-coaching.com\/?page_id=8"},"modified":"2018-10-19T09:09:41","modified_gmt":"2018-10-19T07:09:41","slug":"accueil","status":"publish","type":"page","link":"https:\/\/ubuntu-coaching.com\/","title":{"rendered":"Bienvenue !"},"content":{"rendered":"<p>La notion Ubuntu a inspir\u00e9 \u00e0 Nelson Mandela sa politique de r\u00e9conciliation nationale, afin que l\u2019Afrique du Sud sorte de l\u2019apartheid.<\/p>\n<p>Comment me r\u00e9concilier \u00e0 moi-m\u00eame et aux autres ?<\/p>\n<p>Facilitatrice de navigation en p\u00e9riode de turbulences, j\u2019accompagne vos \u00e9volutions individuelles et collectives.<\/p>\n<p>Que vos objectifs soient personnels, relationnels ou organisationnels, je vous propose des formations, des accompagnements collectifs, des coachings individuels qui vous offriront un s\u00e9same au mieux-\u00eatre, au mieux-travailler, au mieux-vivre.<\/p>\n<h2><b>\u00c0 bient\u00f4t la joie de vous rencontrer !<\/h2>\n<p><\/b><\/p>\n","protected":false},"excerpt":{"rendered":"<p>La notion Ubuntu a inspir\u00e9 \u00e0 Nelson Mandela sa politique de r\u00e9conciliation nationale, afin que l\u2019Afrique du Sud sorte de l\u2019apartheid. Comment me r\u00e9concilier \u00e0 moi-m\u00eame et aux autres ? Facilitatrice de navigation en p\u00e9riode de turbulences, j\u2019accompagne vos \u00e9volutions individuelles et collectives. Que vos objectifs soient personnels, relationnels ou organisationnels, je vous propose des &hellip; <\/p>\n<p class=\"link-more\"><a href=\"https:\/\/ubuntu-coaching.com\/\" class=\"more-link\">Continuer la lecture<span class=\"screen-reader-text\"> de &laquo;&nbsp;Bienvenue !&nbsp;&raquo;<\/span><\/a><\/p>\n","protected":false},"author":1,"featured_media":0,"parent":0,"menu_order":0,"comment_status":"closed","ping_status":"closed","template":"","meta":{"footnotes":""},"class_list":["post-8","page","type-page","status-publish","hentry"],"_links":{"self":[{"href":"https:\/\/ubuntu-coaching.com\/index.php\/wp-json\/wp\/v2\/pages\/8","targetHints":{"allow":["GET"]}}],"collection":[{"href":"https:\/\/ubuntu-coaching.com\/index.php\/wp-json\/wp\/v2\/pages"}],"about":[{"href":"https:\/\/ubuntu-coaching.com\/index.php\/wp-json\/wp\/v2\/types\/page"}],"author":[{"embeddable":true,"href":"https:\/\/ubuntu-coaching.com\/index.php\/wp-json\/wp\/v2\/users\/1"}],"replies":[{"embeddable":true,"href":"https:\/\/ubuntu-coaching.com\/index.php\/wp-json\/wp\/v2\/comments?post=8"}],"version-history":[{"count":12,"href":"https:\/\/ubuntu-coaching.com\/index.php\/wp-json\/wp\/v2\/pages\/8\/revisions"}],"predecessor-version":[{"id":258,"href":"https:\/\/ubuntu-coaching.com\/index.php\/wp-json\/wp\/v2\/pages\/8\/revisions\/258"}],"wp:attachment":[{"href":"https:\/\/ubuntu-coaching.com\/index.php\/wp-json\/wp\/v2\/media?parent=8"}],"curies":[{"name":"wp","href":"https:\/\/api.w.org\/{rel}","templated":true}]}}